{"id":3429,"date":"2026-08-13T10:51:13","date_gmt":"2026-08-13T13:51:13","guid":{"rendered":"https:\/\/comunicar.crp.ufv.br\/?page_id=3429"},"modified":"2026-08-24T13:07:08","modified_gmt":"2026-08-24T16:07:08","slug":"vii-cafenoticias","status":"publish","type":"page","link":"https:\/\/comunicar.crp.ufv.br\/?page_id=3429","title":{"rendered":"VII Caf\u00e9 com Empres\u00e1rios fortalece parcerias entre universidade e setor produtivo durante a SEMEAR 2026(noticias)"},"content":{"rendered":"<hr \/>\n<h2 style=\"text-align: center;\"><b>VII Caf\u00e9 com Empres\u00e1rios fortalece parcerias entre universidade e setor produtivo durante a SEMEAR 2026<\/b><\/h2>\n<hr \/>\n<p><span style=\"font-weight: 400;\">A Universidade Federal de Vi\u00e7osa \u2013 Campus Rio Parana\u00edba promoveu, durante a programa\u00e7\u00e3o da SEMEAR 2026, a s\u00e9tima edi\u00e7\u00e3o do Caf\u00e9 com Empres\u00e1rios. O evento reuniu representantes de empresas, institui\u00e7\u00f5es e organiza\u00e7\u00f5es parceiras da regi\u00e3o com o objetivo de fortalecer a aproxima\u00e7\u00e3o entre a universidade e o setor produtivo, al\u00e9m de apresentar aos estudantes oportunidades de atua\u00e7\u00e3o profissional, empreendedorismo e desenvolvimento de carreira.<\/span><\/p>\n<p><span style=\"font-weight: 400;\">A atividade integra as a\u00e7\u00f5es de extens\u00e3o da UFV e busca ampliar o di\u00e1logo entre a forma\u00e7\u00e3o acad\u00eamica e as demandas do mercado de trabalho, proporcionando um espa\u00e7o para a troca de experi\u00eancias, constru\u00e7\u00e3o de parcerias e compartilhamento de trajet\u00f3rias de sucesso.<\/span><\/p>\n<p><span style=\"font-weight: 400;\">Na abertura do encontro, o diretor-geral da UFV Campus Rio Parana\u00edba, professor Renato Adriane Alves Ruas, e a diretora de Extens\u00e3o e Cultura, professora Virg\u00ednia Souza Santos, deram as boas-vindas aos participantes e destacaram a import\u00e2ncia das parcerias constru\u00eddas ao longo dos 20 anos do campus para o fortalecimento das atividades de ensino, pesquisa e extens\u00e3o.<\/span><\/p>\n\n<p><span style=\"font-weight: 400;\">Durante o evento, representantes de empresas e institui\u00e7\u00f5es parceiras apresentaram suas hist\u00f3rias, \u00e1reas de atua\u00e7\u00e3o, desafios, oportunidades e perspectivas para os estudantes. Participaram da programa\u00e7\u00e3o o AGROS \u2013 Instituto de Seguridade e Previd\u00eancia Privada, representado em v\u00eddeo pelo diretor-presidente Cl\u00e1udio Furtado; o Sicoob Credicarpa, representado por Bruno Xavier da Silva; o InovAlto, representado pela professora Raquel Santos Soares Menezes; o Sindicato dos Produtores Rurais de Rio Parana\u00edba, representado por Walmir Garcia; a Rocha Net, representada por Leandro Rodrigo da Rocha; a Casa Decor, por Maiara Taise; a Carpix Servi\u00e7os e Transportes, por Caio Cesar de Souza; e o Grupo Tsuge, representado por S\u00e9rgio Vital Gontijo.<\/span><\/p>\n<p><span style=\"font-weight: 400;\">Tamb\u00e9m participaram do encontro o Ibrachina, representado por Joaquim Portes Cerqueira; as r\u00e1dios Parana\u00edba e M\u00e1ximus FM, representadas por Sebasti\u00e3o Rog\u00e9rio; a Cl\u00ednica Dra. Nadir Cruz, representada por Diego Motteran; o Grupo Okuyama, por Sidnei Peres de Souza; o Sesc Minas, representado por Cristiano Gon\u00e7alves; e o Grupo Gera, representado por Let\u00edcia Ver\u00f4nica.<\/span><\/p>\n<p><span style=\"font-weight: 400;\">Ao longo das apresenta\u00e7\u00f5es, os convidados compartilharam experi\u00eancias profissionais e empresariais, destacando a import\u00e2ncia da qualifica\u00e7\u00e3o, da inova\u00e7\u00e3o, do empreendedorismo e da constru\u00e7\u00e3o de redes de relacionamento para o desenvolvimento regional.<\/span><\/p>\n<p><span style=\"font-weight: 400;\">O VII Caf\u00e9 com Empres\u00e1rios reafirmou o compromisso da UFV Campus Rio Parana\u00edba com a forma\u00e7\u00e3o de profissionais preparados para os desafios contempor\u00e2neos e com o fortalecimento das conex\u00f5es entre a universidade, as empresas e a sociedade. A iniciativa tamb\u00e9m evidenciou o papel das parcerias institucionais no desenvolvimento de oportunidades para estudantes e na promo\u00e7\u00e3o do crescimento econ\u00f4mico e social da regi\u00e3o.<\/span><\/p>\n","protected":false},"excerpt":{"rendered":"<p>VII Caf\u00e9 com Empres\u00e1rios fortalece parcerias entre universidade e setor produtivo durante a SEMEAR 2026 A Universidade Federal de Vi\u00e7osa \u2013 Campus Rio Parana\u00edba promoveu, durante a programa\u00e7\u00e3o da SEMEAR 2026, a s\u00e9tima edi\u00e7\u00e3o do Caf\u00e9 com Empres\u00e1rios. O evento reuniu representantes de empresas, institui\u00e7\u00f5es e organiza\u00e7\u00f5es parceiras da regi\u00e3o com o objetivo de fortalecer [&hellip;]<\/p>\n","protected":false},"author":5,"featured_media":0,"parent":3370,"menu_order":0,"comment_status":"closed","ping_status":"closed","template":"","meta":{"footnotes":""},"class_list":["post-3429","page","type-page","status-publish","hentry"],"_links":{"self":[{"href":"https:\/\/comunicar.crp.ufv.br\/index.php?rest_route=\/wp\/v2\/pages\/3429","targetHints":{"allow":["GET"]}}],"collection":[{"href":"https:\/\/comunicar.crp.ufv.br\/index.php?rest_route=\/wp\/v2\/pages"}],"about":[{"href":"https:\/\/comunicar.crp.ufv.br\/index.php?rest_route=\/wp\/v2\/types\/page"}],"author":[{"embeddable":true,"href":"https:\/\/comunicar.crp.ufv.br\/index.php?rest_route=\/wp\/v2\/users\/5"}],"replies":[{"embeddable":true,"href":"https:\/\/comunicar.crp.ufv.br\/index.php?rest_route=%2Fwp%2Fv2%2Fcomments&post=3429"}],"version-history":[{"count":3,"href":"https:\/\/comunicar.crp.ufv.br\/index.php?rest_route=\/wp\/v2\/pages\/3429\/revisions"}],"predecessor-version":[{"id":3500,"href":"https:\/\/comunicar.crp.ufv.br\/index.php?rest_route=\/wp\/v2\/pages\/3429\/revisions\/3500"}],"up":[{"embeddable":true,"href":"https:\/\/comunicar.crp.ufv.br\/index.php?rest_route=\/wp\/v2\/pages\/3370"}],"wp:attachment":[{"href":"https:\/\/comunicar.crp.ufv.br\/index.php?rest_route=%2Fwp%2Fv2%2Fmedia&parent=3429"}],"curies":[{"name":"wp","href":"https:\/\/api.w.org\/{rel}","templated":true}]}}

VII Café com Empresários fortalece parcerias entre universidade e setor produtivo durante a SEMEAR 2026(noticias)

<hr />
<h2 style="text-align: center;"><b>VII Café com Empresários fortalece parcerias entre universidade e setor produtivo durante a SEMEAR 2026</b></h2>
<hr />
<p><span style="font-weight: 400;">A Universidade Federal de Viçosa – Campus Rio Paranaíba promoveu, durante a programação da SEMEAR 2026, a sétima edição do Café com Empresários. O evento reuniu representantes de empresas, instituições e organizações parceiras da região com o objetivo de fortalecer a aproximação entre a universidade e o setor produtivo, além de apresentar aos estudantes oportunidades de atuação profissional, empreendedorismo e desenvolvimento de carreira.</span></p>
<p><span style="font-weight: 400;">A atividade integra as ações de extensão da UFV e busca ampliar o diálogo entre a formação acadêmica e as demandas do mercado de trabalho, proporcionando um espaço para a troca de experiências, construção de parcerias e compartilhamento de trajetórias de sucesso.</span></p>
<p><span style="font-weight: 400;">Na abertura do encontro, o diretor-geral da UFV Campus Rio Paranaíba, professor Renato Adriane Alves Ruas, e a diretora de Extensão e Cultura, professora Virgínia Souza Santos, deram as boas-vindas aos participantes e destacaram a importância das parcerias construídas ao longo dos 20 anos do campus para o fortalecimento das atividades de ensino, pesquisa e extensão.</span></p>

<p><span style="font-weight: 400;">Durante o evento, representantes de empresas e instituições parceiras apresentaram suas histórias, áreas de atuação, desafios, oportunidades e perspectivas para os estudantes. Participaram da programação o AGROS – Instituto de Seguridade e Previdência Privada, representado em vídeo pelo diretor-presidente Cláudio Furtado; o Sicoob Credicarpa, representado por Bruno Xavier da Silva; o InovAlto, representado pela professora Raquel Santos Soares Menezes; o Sindicato dos Produtores Rurais de Rio Paranaíba, representado por Walmir Garcia; a Rocha Net, representada por Leandro Rodrigo da Rocha; a Casa Decor, por Maiara Taise; a Carpix Serviços e Transportes, por Caio Cesar de Souza; e o Grupo Tsuge, representado por Sérgio Vital Gontijo.</span></p>
<p><span style="font-weight: 400;">Também participaram do encontro o Ibrachina, representado por Joaquim Portes Cerqueira; as rádios Paranaíba e Máximus FM, representadas por Sebastião Rogério; a Clínica Dra. Nadir Cruz, representada por Diego Motteran; o Grupo Okuyama, por Sidnei Peres de Souza; o Sesc Minas, representado por Cristiano Gonçalves; e o Grupo Gera, representado por Letícia Verônica.</span></p>
<p><span style="font-weight: 400;">Ao longo das apresentações, os convidados compartilharam experiências profissionais e empresariais, destacando a importância da qualificação, da inovação, do empreendedorismo e da construção de redes de relacionamento para o desenvolvimento regional.</span></p>
<p><span style="font-weight: 400;">O VII Café com Empresários reafirmou o compromisso da UFV Campus Rio Paranaíba com a formação de profissionais preparados para os desafios contemporâneos e com o fortalecimento das conexões entre a universidade, as empresas e a sociedade. A iniciativa também evidenciou o papel das parcerias institucionais no desenvolvimento de oportunidades para estudantes e na promoção do crescimento econômico e social da região.</span></p>

<p>VII Café com Empresários fortalece parcerias entre universidade e setor produtivo durante a SEMEAR 2026 A Universidade Federal de Viçosa – Campus Rio Paranaíba promoveu, durante a programação da SEMEAR 2026, a sétima edição do Café com Empresários. O evento reuniu representantes de empresas, instituições e organizações parceiras da região com o objetivo de fortalecer [&hellip;]</p>
