{"id":3370,"date":"2026-06-24T10:44:49","date_gmt":"2026-06-24T13:44:49","guid":{"rendered":"https:\/\/comunicar.crp.ufv.br\/?page_id=3370"},"modified":"2026-08-17T14:14:45","modified_gmt":"2026-08-17T17:14:45","slug":"noticias","status":"publish","type":"page","link":"https:\/\/comunicar.crp.ufv.br\/?page_id=3370","title":{"rendered":"Not\u00edcias"},"content":{"rendered":"<div id=\"envira-gallery-wrap-3476\" class=\"envira-gallery-wrap envira-gallery-theme-base envira-lightbox-theme-base\" itemscope itemtype=\"https:\/\/schema.org\/ImageGallery\"><div data-row-height=\"250\" data-gallery-theme=\"normal\" id=\"envira-gallery-3476\" class=\"envira-gallery-public envira-gallery-justified-public envira-gallery-0-columns envira-clear enviratope envira-gallery-css-animations\" data-envira-columns=\"0\"><div id=\"envira-gallery-item-3477\" class=\"envira-gallery-item enviratope-item envira-gallery-item-1 envira-lazy-load\" style=\"padding-left: 5px; padding-bottom: 10px; padding-right: 5px; aspect-ratio: 300 \/ 300;\"  itemscope itemtype=\"https:\/\/schema.org\/ImageObject\"><div class=\"envira-gallery-item-inner\"><div class=\"envira-gallery-position-overlay  envira-gallery-top-left\"><\/div><div class=\"envira-gallery-position-overlay  envira-gallery-top-right\"><\/div><div class=\"envira-gallery-position-overlay  envira-gallery-bottom-left\"><\/div><div class=\"envira-gallery-position-overlay  envira-gallery-bottom-right\"><\/div><a href=\"https:\/\/comunicar.crp.ufv.br\/?page_id=3393\" class=\"envira-gallery-3476 envira-gallery-link\" rel=\"enviragallery3476\" title=\"Abertura SEMEAR 2026\" data-envira-caption=\"Abertura SEMEAR 2026\" data-envira-retina=\"\" data-thumbnail=\"\"  itemprop=\"contentUrl\"><img decoding=\"async\" id=\"envira-gallery-image-3477\" class=\"envira-gallery-image envira-gallery-image-1 envira-normal envira-lazy\" data-envira-index=\"1\" src=\"https:\/\/comunicar.crp.ufv.br\/wp-content\/uploads\/SEMEAR-2026-85_resized-3-1024x729-300x300_c.jpg\" data-envira-src=\"https:\/\/comunicar.crp.ufv.br\/wp-content\/uploads\/SEMEAR-2026-85_resized-3-1024x729-300x300_c.jpg\" data-envira-gallery-id=\"3476\" data-envira-item-id=\"3477\" data-envira-caption=\"Abertura SEMEAR 2026\" alt=\"Abertura SEMEAR 2026\" title=\"Abertura SEMEAR 2026\"  itemprop=\"thumbnailUrl\" data-envira-srcset=\"https:\/\/comunicar.crp.ufv.br\/wp-content\/uploads\/SEMEAR-2026-85_resized-3-1024x729-300x300_c.jpg 400w,https:\/\/comunicar.crp.ufv.br\/wp-content\/uploads\/SEMEAR-2026-85_resized-3-1024x729-300x300_c.jpg 2x\" data-envira-width=\"300\" data-envira-height=\"300\" srcset=\"data:image\/gif;base64,R0lGODlhAQABAIAAAP\/\/\/\/\/\/\/yH5BAEKAAEALAAAAAABAAEAAAICTAEAOw==\" data-safe-src=\"data:image\/gif;base64,R0lGODlhAQABAIAAAP\/\/\/\/\/\/\/yH5BAEKAAEALAAAAAABAAEAAAICTAEAOw==\" \/><\/a><\/div><\/div><div id=\"envira-gallery-item-3478\" class=\"envira-gallery-item enviratope-item envira-gallery-item-2 envira-lazy-load\" style=\"padding-left: 5px; padding-bottom: 10px; padding-right: 5px; aspect-ratio: 300 \/ 300;\"  itemscope itemtype=\"https:\/\/schema.org\/ImageObject\"><div class=\"envira-gallery-item-inner\"><div class=\"envira-gallery-position-overlay  envira-gallery-top-left\"><\/div><div class=\"envira-gallery-position-overlay  envira-gallery-top-right\"><\/div><div class=\"envira-gallery-position-overlay  envira-gallery-bottom-left\"><\/div><div class=\"envira-gallery-position-overlay  envira-gallery-bottom-right\"><\/div><a href=\"https:\/\/comunicar.crp.ufv.br\/?page_id=3379\" class=\"envira-gallery-3476 envira-gallery-link\" rel=\"enviragallery3476\" title=\"Cursos de Administra&ccedil;&atilde;o e Agronomia celebram 20 anos de hist&oacute;ria na UFV Campus Rio Parana&iacute;ba\" data-envira-caption=\"Cursos de Administra&ccedil;&atilde;o e Agronomia celebram 20 anos de hist&oacute;ria na UFV Campus Rio Parana&iacute;ba\" data-envira-retina=\"\" data-thumbnail=\"\"  itemprop=\"contentUrl\"><img decoding=\"async\" id=\"envira-gallery-image-3478\" class=\"envira-gallery-image envira-gallery-image-2 envira-normal envira-lazy\" data-envira-index=\"2\" src=\"https:\/\/comunicar.crp.ufv.br\/wp-content\/uploads\/IMG_6888-3-1024x768-300x300_c.jpg\" data-envira-src=\"https:\/\/comunicar.crp.ufv.br\/wp-content\/uploads\/IMG_6888-3-1024x768-300x300_c.jpg\" data-envira-gallery-id=\"3476\" data-envira-item-id=\"3478\" data-envira-caption=\"Cursos de Administra&ccedil;&atilde;o e Agronomia celebram 20 anos de hist&oacute;ria na UFV Campus Rio Parana&iacute;ba\" alt=\"Cursos de Administra\u00e7\u00e3o e Agronomia celebram 20 anos de hist\u00f3ria na UFV Campus Rio Parana\u00edba\" title=\"Cursos de Administra\u00e7\u00e3o e Agronomia celebram 20 anos de hist\u00f3ria na UFV Campus Rio Parana\u00edba\"  itemprop=\"thumbnailUrl\" data-envira-srcset=\"https:\/\/comunicar.crp.ufv.br\/wp-content\/uploads\/IMG_6888-3-1024x768-300x300_c.jpg 400w,https:\/\/comunicar.crp.ufv.br\/wp-content\/uploads\/IMG_6888-3-1024x768-300x300_c.jpg 2x\" data-envira-width=\"300\" data-envira-height=\"300\" srcset=\"data:image\/gif;base64,R0lGODlhAQABAIAAAP\/\/\/\/\/\/\/yH5BAEKAAEALAAAAAABAAEAAAICTAEAOw==\" data-safe-src=\"data:image\/gif;base64,R0lGODlhAQABAIAAAP\/\/\/\/\/\/\/yH5BAEKAAEALAAAAAABAAEAAAICTAEAOw==\" \/><\/a><\/div><\/div><div id=\"envira-gallery-item-3481\" class=\"envira-gallery-item enviratope-item envira-gallery-item-3 envira-lazy-load\" style=\"padding-left: 5px; padding-bottom: 10px; padding-right: 5px; aspect-ratio: 300 \/ 300;\"  itemscope itemtype=\"https:\/\/schema.org\/ImageObject\"><div class=\"envira-gallery-item-inner\"><div class=\"envira-gallery-position-overlay  envira-gallery-top-left\"><\/div><div class=\"envira-gallery-position-overlay  envira-gallery-top-right\"><\/div><div class=\"envira-gallery-position-overlay  envira-gallery-bottom-left\"><\/div><div class=\"envira-gallery-position-overlay  envira-gallery-bottom-right\"><\/div><a href=\"https:\/\/comunicar.crp.ufv.br\/?page_id=3429\" class=\"envira-gallery-3476 envira-gallery-link\" rel=\"enviragallery3476\" title=\"VII Caf&eacute; com Empres&aacute;rios fortalece parcerias entre universidade e setor produtivo durante a SEMEAR 2026\" data-envira-caption=\"VII Caf&eacute; com Empres&aacute;rios fortalece parcerias entre universidade e setor produtivo durante a SEMEAR 2026\" data-envira-retina=\"\" data-thumbnail=\"\"  itemprop=\"contentUrl\"><img decoding=\"async\" id=\"envira-gallery-image-3481\" class=\"envira-gallery-image envira-gallery-image-3 envira-normal envira-lazy\" data-envira-index=\"3\" src=\"https:\/\/comunicar.crp.ufv.br\/wp-content\/uploads\/DSCN2124-1024x683-300x300_c.jpg\" data-envira-src=\"https:\/\/comunicar.crp.ufv.br\/wp-content\/uploads\/DSCN2124-1024x683-300x300_c.jpg\" data-envira-gallery-id=\"3476\" data-envira-item-id=\"3481\" data-envira-caption=\"VII Caf&eacute; com Empres&aacute;rios fortalece parcerias entre universidade e setor produtivo durante a SEMEAR 2026\" alt=\"VII Caf\u00e9 com Empres\u00e1rios fortalece parcerias entre universidade e setor produtivo durante a SEMEAR 2026\" title=\"VII Caf\u00e9 com Empres\u00e1rios fortalece parcerias entre universidade e setor produtivo durante a SEMEAR 2026\"  itemprop=\"thumbnailUrl\" data-envira-srcset=\"https:\/\/comunicar.crp.ufv.br\/wp-content\/uploads\/DSCN2124-1024x683-300x300_c.jpg 400w,https:\/\/comunicar.crp.ufv.br\/wp-content\/uploads\/DSCN2124-1024x683-300x300_c.jpg 2x\" data-envira-width=\"300\" data-envira-height=\"300\" srcset=\"data:image\/gif;base64,R0lGODlhAQABAIAAAP\/\/\/\/\/\/\/yH5BAEKAAEALAAAAAABAAEAAAICTAEAOw==\" data-safe-src=\"data:image\/gif;base64,R0lGODlhAQABAIAAAP\/\/\/\/\/\/\/yH5BAEKAAEALAAAAAABAAEAAAICTAEAOw==\" \/><\/a><\/div><\/div><\/div><\/div><noscript><img decoding=\"async\" src=\"https:\/\/comunicar.crp.ufv.br\/wp-content\/uploads\/SEMEAR-2026-85_resized-3.jpg\" alt=\"Abertura SEMEAR 2026\" \/><img decoding=\"async\" src=\"https:\/\/comunicar.crp.ufv.br\/wp-content\/uploads\/IMG_6888-3-scaled.jpg\" alt=\"Cursos de Administra\u00e7\u00e3o e Agronomia celebram 20 anos de hist\u00f3ria na UFV Campus Rio Parana\u00edba\" \/><img decoding=\"async\" src=\"https:\/\/comunicar.crp.ufv.br\/wp-content\/uploads\/DSCN2124-scaled.jpg\" alt=\"VII Caf\u00e9 com Empres\u00e1rios fortalece parcerias entre universidade e setor produtivo durante a SEMEAR 2026\" \/><\/noscript>\n","protected":false},"excerpt":{"rendered":"","protected":false},"author":5,"featured_media":0,"parent":0,"menu_order":1,"comment_status":"closed","ping_status":"closed","template":"","meta":{"footnotes":""},"class_list":["post-3370","page","type-page","status-publish","hentry"],"_links":{"self":[{"href":"https:\/\/comunicar.crp.ufv.br\/index.php?rest_route=\/wp\/v2\/pages\/3370","targetHints":{"allow":["GET"]}}],"collection":[{"href":"https:\/\/comunicar.crp.ufv.br\/index.php?rest_route=\/wp\/v2\/pages"}],"about":[{"href":"https:\/\/comunicar.crp.ufv.br\/index.php?rest_route=\/wp\/v2\/types\/page"}],"author":[{"embeddable":true,"href":"https:\/\/comunicar.crp.ufv.br\/index.php?rest_route=\/wp\/v2\/users\/5"}],"replies":[{"embeddable":true,"href":"https:\/\/comunicar.crp.ufv.br\/index.php?rest_route=%2Fwp%2Fv2%2Fcomments&post=3370"}],"version-history":[{"count":33,"href":"https:\/\/comunicar.crp.ufv.br\/index.php?rest_route=\/wp\/v2\/pages\/3370\/revisions"}],"predecessor-version":[{"id":3480,"href":"https:\/\/comunicar.crp.ufv.br\/index.php?rest_route=\/wp\/v2\/pages\/3370\/revisions\/3480"}],"wp:attachment":[{"href":"https:\/\/comunicar.crp.ufv.br\/index.php?rest_route=%2Fwp%2Fv2%2Fmedia&parent=3370"}],"curies":[{"name":"wp","href":"https:\/\/api.w.org\/{rel}","templated":true}]}}

Notícias

<div id="envira-gallery-wrap-3476" class="envira-gallery-wrap envira-gallery-theme-base envira-lightbox-theme-base" itemscope itemtype="https://schema.org/ImageGallery"><div data-row-height="250" data-gallery-theme="normal" id="envira-gallery-3476" class="envira-gallery-public envira-gallery-justified-public envira-gallery-0-columns envira-clear enviratope envira-gallery-css-animations" data-envira-columns="0"><div id="envira-gallery-item-3477" class="envira-gallery-item enviratope-item envira-gallery-item-1 envira-lazy-load" style="padding-left: 5px; padding-bottom: 10px; padding-right: 5px; aspect-ratio: 300 / 300;"  itemscope itemtype="https://schema.org/ImageObject"><div class="envira-gallery-item-inner"><div class="envira-gallery-position-overlay  envira-gallery-top-left"></div><div class="envira-gallery-position-overlay  envira-gallery-top-right"></div><div class="envira-gallery-position-overlay  envira-gallery-bottom-left"></div><div class="envira-gallery-position-overlay  envira-gallery-bottom-right"></div><a href="https://comunicar.crp.ufv.br/?page_id=3393" class="envira-gallery-3476 envira-gallery-link" rel="enviragallery3476" title="Abertura SEMEAR 2026" data-envira-caption="Abertura SEMEAR 2026" data-envira-retina="" data-thumbnail=""  itemprop="contentUrl"><img decoding="async" id="envira-gallery-image-3477" class="envira-gallery-image envira-gallery-image-1 envira-normal envira-lazy" data-envira-index="1" src="https://comunicar.crp.ufv.br/wp-content/uploads/SEMEAR-2026-85_resized-3-1024x729-300x300_c.jpg" data-envira-src="https://comunicar.crp.ufv.br/wp-content/uploads/SEMEAR-2026-85_resized-3-1024x729-300x300_c.jpg" data-envira-gallery-id="3476" data-envira-item-id="3477" data-envira-caption="Abertura SEMEAR 2026" alt="Abertura SEMEAR 2026" title="Abertura SEMEAR 2026"  itemprop="thumbnailUrl" data-envira-srcset="https://comunicar.crp.ufv.br/wp-content/uploads/SEMEAR-2026-85_resized-3-1024x729-300x300_c.jpg 400w,https://comunicar.crp.ufv.br/wp-content/uploads/SEMEAR-2026-85_resized-3-1024x729-300x300_c.jpg 2x" data-envira-width="300" data-envira-height="300" srcset="data:image/gif;base64,R0lGODlhAQABAIAAAP///////yH5BAEKAAEALAAAAAABAAEAAAICTAEAOw==" data-safe-src="data:image/gif;base64,R0lGODlhAQABAIAAAP///////yH5BAEKAAEALAAAAAABAAEAAAICTAEAOw==" /></a></div></div><div id="envira-gallery-item-3478" class="envira-gallery-item enviratope-item envira-gallery-item-2 envira-lazy-load" style="padding-left: 5px; padding-bottom: 10px; padding-right: 5px; aspect-ratio: 300 / 300;"  itemscope itemtype="https://schema.org/ImageObject"><div class="envira-gallery-item-inner"><div class="envira-gallery-position-overlay  envira-gallery-top-left"></div><div class="envira-gallery-position-overlay  envira-gallery-top-right"></div><div class="envira-gallery-position-overlay  envira-gallery-bottom-left"></div><div class="envira-gallery-position-overlay  envira-gallery-bottom-right"></div><a href="https://comunicar.crp.ufv.br/?page_id=3379" class="envira-gallery-3476 envira-gallery-link" rel="enviragallery3476" title="Cursos de Administra&ccedil;&atilde;o e Agronomia celebram 20 anos de hist&oacute;ria na UFV Campus Rio Parana&iacute;ba" data-envira-caption="Cursos de Administra&ccedil;&atilde;o e Agronomia celebram 20 anos de hist&oacute;ria na UFV Campus Rio Parana&iacute;ba" data-envira-retina="" data-thumbnail=""  itemprop="contentUrl"><img decoding="async" id="envira-gallery-image-3478" class="envira-gallery-image envira-gallery-image-2 envira-normal envira-lazy" data-envira-index="2" src="https://comunicar.crp.ufv.br/wp-content/uploads/IMG_6888-3-1024x768-300x300_c.jpg" data-envira-src="https://comunicar.crp.ufv.br/wp-content/uploads/IMG_6888-3-1024x768-300x300_c.jpg" data-envira-gallery-id="3476" data-envira-item-id="3478" data-envira-caption="Cursos de Administra&ccedil;&atilde;o e Agronomia celebram 20 anos de hist&oacute;ria na UFV Campus Rio Parana&iacute;ba" alt="Cursos de Administração e Agronomia celebram 20 anos de história na UFV Campus Rio Paranaíba" title="Cursos de Administração e Agronomia celebram 20 anos de história na UFV Campus Rio Paranaíba"  itemprop="thumbnailUrl" data-envira-srcset="https://comunicar.crp.ufv.br/wp-content/uploads/IMG_6888-3-1024x768-300x300_c.jpg 400w,https://comunicar.crp.ufv.br/wp-content/uploads/IMG_6888-3-1024x768-300x300_c.jpg 2x" data-envira-width="300" data-envira-height="300" srcset="data:image/gif;base64,R0lGODlhAQABAIAAAP///////yH5BAEKAAEALAAAAAABAAEAAAICTAEAOw==" data-safe-src="data:image/gif;base64,R0lGODlhAQABAIAAAP///////yH5BAEKAAEALAAAAAABAAEAAAICTAEAOw==" /></a></div></div><div id="envira-gallery-item-3481" class="envira-gallery-item enviratope-item envira-gallery-item-3 envira-lazy-load" style="padding-left: 5px; padding-bottom: 10px; padding-right: 5px; aspect-ratio: 300 / 300;"  itemscope itemtype="https://schema.org/ImageObject"><div class="envira-gallery-item-inner"><div class="envira-gallery-position-overlay  envira-gallery-top-left"></div><div class="envira-gallery-position-overlay  envira-gallery-top-right"></div><div class="envira-gallery-position-overlay  envira-gallery-bottom-left"></div><div class="envira-gallery-position-overlay  envira-gallery-bottom-right"></div><a href="https://comunicar.crp.ufv.br/?page_id=3429" class="envira-gallery-3476 envira-gallery-link" rel="enviragallery3476" title="VII Caf&eacute; com Empres&aacute;rios fortalece parcerias entre universidade e setor produtivo durante a SEMEAR 2026" data-envira-caption="VII Caf&eacute; com Empres&aacute;rios fortalece parcerias entre universidade e setor produtivo durante a SEMEAR 2026" data-envira-retina="" data-thumbnail=""  itemprop="contentUrl"><img decoding="async" id="envira-gallery-image-3481" class="envira-gallery-image envira-gallery-image-3 envira-normal envira-lazy" data-envira-index="3" src="https://comunicar.crp.ufv.br/wp-content/uploads/DSCN2124-1024x683-300x300_c.jpg" data-envira-src="https://comunicar.crp.ufv.br/wp-content/uploads/DSCN2124-1024x683-300x300_c.jpg" data-envira-gallery-id="3476" data-envira-item-id="3481" data-envira-caption="VII Caf&eacute; com Empres&aacute;rios fortalece parcerias entre universidade e setor produtivo durante a SEMEAR 2026" alt="VII Café com Empresários fortalece parcerias entre universidade e setor produtivo durante a SEMEAR 2026" title="VII Café com Empresários fortalece parcerias entre universidade e setor produtivo durante a SEMEAR 2026"  itemprop="thumbnailUrl" data-envira-srcset="https://comunicar.crp.ufv.br/wp-content/uploads/DSCN2124-1024x683-300x300_c.jpg 400w,https://comunicar.crp.ufv.br/wp-content/uploads/DSCN2124-1024x683-300x300_c.jpg 2x" data-envira-width="300" data-envira-height="300" srcset="data:image/gif;base64,R0lGODlhAQABAIAAAP///////yH5BAEKAAEALAAAAAABAAEAAAICTAEAOw==" data-safe-src="data:image/gif;base64,R0lGODlhAQABAIAAAP///////yH5BAEKAAEALAAAAAABAAEAAAICTAEAOw==" /></a></div></div></div></div><noscript><img decoding="async" src="https://comunicar.crp.ufv.br/wp-content/uploads/SEMEAR-2026-85_resized-3.jpg" alt="Abertura SEMEAR 2026" /><img decoding="async" src="https://comunicar.crp.ufv.br/wp-content/uploads/IMG_6888-3-scaled.jpg" alt="Cursos de Administração e Agronomia celebram 20 anos de história na UFV Campus Rio Paranaíba" /><img decoding="async" src="https://comunicar.crp.ufv.br/wp-content/uploads/DSCN2124-scaled.jpg" alt="VII Café com Empresários fortalece parcerias entre universidade e setor produtivo durante a SEMEAR 2026" /></noscript>
